{"id":23,"date":"2025-01-06T13:41:07","date_gmt":"2025-01-06T12:41:07","guid":{"rendered":"https:\/\/resolutionrh.fr\/?page_id=23"},"modified":"2025-01-28T19:53:18","modified_gmt":"2025-01-28T18:53:18","slug":"portofolio","status":"publish","type":"page","link":"https:\/\/resolutionrh.fr\/index.php\/portofolio\/","title":{"rendered":"Mes prestations"},"content":{"rendered":"\n<div class=\"wp-block-cover alignfull\" style=\"min-height:200px;aspect-ratio:unset;\"><span aria-hidden=\"true\" class=\"wp-block-cover__background has-nv-site-bg-background-color has-background-dim-100 has-background-dim\"><\/span><div class=\"wp-block-cover__inner-container is-layout-flow wp-block-cover-is-layout-flow\">\n<div class=\"wp-block-group\" style=\"padding-right:var(--wp--preset--spacing--30);padding-left:var(--wp--preset--spacing--30)\"><div class=\"wp-block-group__inner-container is-layout-flow wp-block-group-is-layout-flow\">\n<h1 class=\"wp-block-heading has-text-align-left has-neve-link-color-color has-text-color\">Mes Prestations<\/h1>\n<\/div><\/div>\n<\/div><\/div>\n\n\n\n<div class=\"wp-block-cover alignfull\" style=\"min-height:600px;aspect-ratio:unset;\"><span aria-hidden=\"true\" class=\"wp-block-cover__background has-nv-light-bg-background-color has-background-dim-100 has-background-dim\"><\/span><div class=\"wp-block-cover__inner-container is-layout-flow wp-block-cover-is-layout-flow\">\n<div class=\"wp-block-group is-layout-flex wp-block-group-is-layout-flex\">\n<div style=\"height:80px;width:0px\" aria-hidden=\"true\" class=\"wp-block-spacer wp-container-content-f96796aa\"><\/div>\n<\/div>\n\n\n\n<div class=\"wp-block-columns is-layout-flex wp-container-core-columns-is-layout-9d6595d7 wp-block-columns-is-layout-flex\">\n<div class=\"wp-block-column is-layout-flow wp-block-column-is-layout-flow\">\n<figure class=\"wp-block-image size-large is-resized\"><img fetchpriority=\"high\" decoding=\"async\" width=\"819\" height=\"1024\" src=\"https:\/\/resolutionrh.fr\/wp-content\/uploads\/2025\/01\/Design-sans-titre-28-819x1024.png\" alt=\"\" class=\"wp-image-102\" style=\"width:373px;height:auto\" srcset=\"https:\/\/resolutionrh.fr\/wp-content\/uploads\/2025\/01\/Design-sans-titre-28-819x1024.png 819w, https:\/\/resolutionrh.fr\/wp-content\/uploads\/2025\/01\/Design-sans-titre-28-240x300.png 240w, https:\/\/resolutionrh.fr\/wp-content\/uploads\/2025\/01\/Design-sans-titre-28-768x960.png 768w, https:\/\/resolutionrh.fr\/wp-content\/uploads\/2025\/01\/Design-sans-titre-28.png 1080w\" sizes=\"(max-width: 819px) 100vw, 819px\" \/><\/figure>\n\n\n\n<p><\/p>\n\n\n\n<h4 class=\"wp-block-heading\">Conseil RH<\/h4>\n\n\n\n<details class=\"wp-block-details is-layout-flow wp-block-details-is-layout-flow\"><summary>En savoir plus<\/summary>\n<ul class=\"wp-block-list\">\n<li>Accompagnement du personnel li\u00e9 \u00e0 la strat\u00e9gie d&#8217;entreprise.<\/li>\n\n\n\n<li>Accompagnement au changement pour les salari\u00e9s et managers.<\/li>\n<\/ul>\n<\/details>\n<\/div>\n\n\n\n<div class=\"wp-block-column is-layout-flow wp-block-column-is-layout-flow\">\n<figure class=\"wp-block-image size-large is-resized\"><img decoding=\"async\" width=\"819\" height=\"1024\" src=\"https:\/\/resolutionrh.fr\/wp-content\/uploads\/2025\/01\/Design-sans-titre-29-819x1024.png\" alt=\"\" class=\"wp-image-103\" style=\"width:371px;height:auto\" srcset=\"https:\/\/resolutionrh.fr\/wp-content\/uploads\/2025\/01\/Design-sans-titre-29-819x1024.png 819w, https:\/\/resolutionrh.fr\/wp-content\/uploads\/2025\/01\/Design-sans-titre-29-240x300.png 240w, https:\/\/resolutionrh.fr\/wp-content\/uploads\/2025\/01\/Design-sans-titre-29-768x960.png 768w, https:\/\/resolutionrh.fr\/wp-content\/uploads\/2025\/01\/Design-sans-titre-29.png 1080w\" sizes=\"(max-width: 819px) 100vw, 819px\" \/><\/figure>\n\n\n\n<p><\/p>\n\n\n\n<h4 class=\"wp-block-heading\">Organisation RH \/ Process RH \/ SIRH<\/h4>\n\n\n\n<details class=\"wp-block-details is-layout-flow wp-block-details-is-layout-flow\"><summary>En savoir plus<\/summary>\n<ul class=\"wp-block-list\">\n<li>Gestion administrative RH ( contrats de travail, int\u00e9gration, formation ).<\/li>\n\n\n\n<li>Refonte, mise en place et optimisation des process RH.<\/li>\n\n\n\n<li>Mise en place de syst\u00e8mes d&#8217;informations RH ( SIRH ).<\/li>\n<\/ul>\n<\/details>\n<\/div>\n\n\n\n<div class=\"wp-block-column is-layout-flow wp-block-column-is-layout-flow\">\n<figure class=\"wp-block-image size-large is-resized\"><img decoding=\"async\" width=\"819\" height=\"1024\" src=\"https:\/\/resolutionrh.fr\/wp-content\/uploads\/2025\/01\/Design-sans-titre-30-819x1024.png\" alt=\"\" class=\"wp-image-104\" style=\"width:372px;height:auto\" srcset=\"https:\/\/resolutionrh.fr\/wp-content\/uploads\/2025\/01\/Design-sans-titre-30-819x1024.png 819w, https:\/\/resolutionrh.fr\/wp-content\/uploads\/2025\/01\/Design-sans-titre-30-240x300.png 240w, https:\/\/resolutionrh.fr\/wp-content\/uploads\/2025\/01\/Design-sans-titre-30-768x960.png 768w, https:\/\/resolutionrh.fr\/wp-content\/uploads\/2025\/01\/Design-sans-titre-30.png 1080w\" sizes=\"(max-width: 819px) 100vw, 819px\" \/><\/figure>\n\n\n\n<p><\/p>\n\n\n\n<h4 class=\"wp-block-heading\">Gestion de Projets<\/h4>\n\n\n\n<details class=\"wp-block-details is-layout-flow wp-block-details-is-layout-flow\"><summary>En savoir plus<\/summary>\n<ul class=\"wp-block-list\">\n<li>Cr\u00e9ation d&#8217;un processus d&#8217;int\u00e9gration.<\/li>\n\n\n\n<li>\u00c9laboration des process RH.<\/li>\n\n\n\n<li>Organiser un nouvel SIRH ( audit, cahier des charges, recettes, production ).<\/li>\n<\/ul>\n<\/details>\n<\/div>\n<\/div>\n\n\n\n<div class=\"wp-block-columns is-layout-flex wp-container-core-columns-is-layout-9d6595d7 wp-block-columns-is-layout-flex\">\n<div class=\"wp-block-column is-layout-flow wp-block-column-is-layout-flow\"><\/div>\n\n\n\n<div class=\"wp-block-column is-layout-flow wp-block-column-is-layout-flow\"><\/div>\n<\/div>\n\n\n\n<div class=\"wp-block-columns is-layout-flex wp-container-core-columns-is-layout-9d6595d7 wp-block-columns-is-layout-flex\">\n<div class=\"wp-block-column is-layout-flow wp-block-column-is-layout-flow\">\n<figure class=\"wp-block-image size-large\"><img loading=\"lazy\" decoding=\"async\" width=\"819\" height=\"1024\" src=\"https:\/\/resolutionrh.fr\/wp-content\/uploads\/2025\/01\/Design-sans-titre-31-1-819x1024.png\" alt=\"\" class=\"wp-image-106\" srcset=\"https:\/\/resolutionrh.fr\/wp-content\/uploads\/2025\/01\/Design-sans-titre-31-1-819x1024.png 819w, https:\/\/resolutionrh.fr\/wp-content\/uploads\/2025\/01\/Design-sans-titre-31-1-240x300.png 240w, https:\/\/resolutionrh.fr\/wp-content\/uploads\/2025\/01\/Design-sans-titre-31-1-768x960.png 768w, https:\/\/resolutionrh.fr\/wp-content\/uploads\/2025\/01\/Design-sans-titre-31-1.png 1080w\" sizes=\"(max-width: 819px) 100vw, 819px\" \/><\/figure>\n\n\n\n<p><\/p>\n\n\n\n<h4 class=\"wp-block-heading\">Formation RH &amp; Gestion des Talents<\/h4>\n\n\n\n<details class=\"wp-block-details is-layout-flow wp-block-details-is-layout-flow\"><summary>En savoir plus<\/summary>\n<ul class=\"wp-block-list\">\n<li>Construction du Plan de d\u00e9veloppement des comp\u00e9tences.<\/li>\n\n\n\n<li>Conception et d\u00e9ploiement de formation.<\/li>\n\n\n\n<li>Organisation des campagnes des entretiens professionnels et\/ou d&#8217;\u00e9valuation.<\/li>\n\n\n\n<li>Construction et d\u00e9ploiement de LMS.<\/li>\n<\/ul>\n<\/details>\n<\/div>\n\n\n\n<div class=\"wp-block-column is-layout-flow wp-block-column-is-layout-flow\"><\/div>\n\n\n\n<div class=\"wp-block-column is-layout-flow wp-block-column-is-layout-flow\">\n<figure class=\"wp-block-image size-large\"><img loading=\"lazy\" decoding=\"async\" width=\"819\" height=\"1024\" src=\"https:\/\/resolutionrh.fr\/wp-content\/uploads\/2025\/01\/Design-sans-titre-32-819x1024.png\" alt=\"\" class=\"wp-image-107\" srcset=\"https:\/\/resolutionrh.fr\/wp-content\/uploads\/2025\/01\/Design-sans-titre-32-819x1024.png 819w, https:\/\/resolutionrh.fr\/wp-content\/uploads\/2025\/01\/Design-sans-titre-32-240x300.png 240w, https:\/\/resolutionrh.fr\/wp-content\/uploads\/2025\/01\/Design-sans-titre-32-768x960.png 768w, https:\/\/resolutionrh.fr\/wp-content\/uploads\/2025\/01\/Design-sans-titre-32.png 1080w\" sizes=\"(max-width: 819px) 100vw, 819px\" \/><\/figure>\n\n\n\n<p><\/p>\n\n\n\n<h4 class=\"wp-block-heading\">Recrutement \/ On Boarding<\/h4>\n\n\n\n<details class=\"wp-block-details is-layout-flow wp-block-details-is-layout-flow\"><summary>En savoir plus<\/summary>\n<ul class=\"wp-block-list\">\n<li>R\u00e9daction d&#8217;offres, entretiens et n\u00e9gociations.<\/li>\n\n\n\n<li>Mise en place d&#8217;un parcours d&#8217;int\u00e9gration ( outils \/ planning ).<\/li>\n\n\n\n<li>D\u00e9ploiement d&#8217;une politique pour r\u00e9duire le turnover.<\/li>\n<\/ul>\n<\/details>\n<\/div>\n<\/div>\n<\/div><\/div>\n\n\n\n<div class=\"wp-block-cover alignfull\" style=\"min-height:300px;aspect-ratio:unset;\"><span aria-hidden=\"true\" class=\"wp-block-cover__background has-neve-link-color-background-color has-background-dim-100 has-background-dim\"><\/span><div class=\"wp-block-cover__inner-container is-layout-flow wp-block-cover-is-layout-flow\">\n<div class=\"wp-block-columns is-layout-flex wp-container-core-columns-is-layout-9d6595d7 wp-block-columns-is-layout-flex\">\n<div class=\"wp-block-column is-layout-flow wp-block-column-is-layout-flow\" style=\"flex-basis:20%\"><\/div>\n\n\n\n<div class=\"wp-block-column is-layout-flow wp-block-column-is-layout-flow\" style=\"flex-basis:60%\">\n<div class=\"wp-block-group\"><div class=\"wp-block-group__inner-container is-layout-constrained wp-block-group-is-layout-constrained\">\n<h2 class=\"wp-block-heading has-text-align-center has-nv-text-dark-bg-color has-text-color\">Besoin d&#8217;en savoir plus ?<\/h2>\n\n\n\n<p class=\"has-text-align-center has-nv-text-dark-bg-color has-text-color has-link-color wp-elements-59ab97b212365224528e4d948043688d\">Discutons de vos besoins.<\/p>\n\n\n\n<div class=\"wp-block-buttons is-horizontal is-content-justification-center is-layout-flex wp-container-core-buttons-is-layout-499968f5 wp-block-buttons-is-layout-flex\">\n<div class=\"wp-block-button is-style-primary\"><a class=\"wp-block-button__link has-neve-link-color-color has-text-color has-background has-link-color wp-element-button\" href=\"https:\/\/resolutionrh.fr\/index.php\/contact\/\" style=\"background-color:#ffffff\">Contactez moi<\/a><\/div>\n<\/div>\n<\/div><\/div>\n<\/div>\n\n\n\n<div class=\"wp-block-column is-layout-flow wp-block-column-is-layout-flow\" style=\"flex-basis:20%\"><\/div>\n<\/div>\n<\/div><\/div>\n\n\n\n<p><\/p>\n","protected":false},"excerpt":{"rendered":"","protected":false},"author":1,"featured_media":0,"parent":0,"menu_order":0,"comment_status":"closed","ping_status":"closed","template":"","meta":{"neve_meta_sidebar":"","neve_meta_container":"","neve_meta_enable_content_width":"on","neve_meta_content_width":100,"neve_meta_title_alignment":"","neve_meta_author_avatar":"","neve_post_elements_order":"","neve_meta_disable_header":"","neve_meta_disable_footer":"","neve_meta_disable_title":"on","footnotes":""},"class_list":["post-23","page","type-page","status-publish","hentry"],"_links":{"self":[{"href":"https:\/\/resolutionrh.fr\/index.php\/wp-json\/wp\/v2\/pages\/23","targetHints":{"allow":["GET"]}}],"collection":[{"href":"https:\/\/resolutionrh.fr\/index.php\/wp-json\/wp\/v2\/pages"}],"about":[{"href":"https:\/\/resolutionrh.fr\/index.php\/wp-json\/wp\/v2\/types\/page"}],"author":[{"embeddable":true,"href":"https:\/\/resolutionrh.fr\/index.php\/wp-json\/wp\/v2\/users\/1"}],"replies":[{"embeddable":true,"href":"https:\/\/resolutionrh.fr\/index.php\/wp-json\/wp\/v2\/comments?post=23"}],"version-history":[{"count":12,"href":"https:\/\/resolutionrh.fr\/index.php\/wp-json\/wp\/v2\/pages\/23\/revisions"}],"predecessor-version":[{"id":205,"href":"https:\/\/resolutionrh.fr\/index.php\/wp-json\/wp\/v2\/pages\/23\/revisions\/205"}],"wp:attachment":[{"href":"https:\/\/resolutionrh.fr\/index.php\/wp-json\/wp\/v2\/media?parent=23"}],"curies":[{"name":"wp","href":"https:\/\/api.w.org\/{rel}","templated":true}]}}